= -o + 2*n, 0 = -3*o - 2*n + 6*n + 835. Let z = o - 280. Calculate p(z).
16
Let k(p) = -27*p + 2. Suppose 0 = -2*i - 133*d + 134*d - 1, 5*i - 4*d + 13 = 0. What is k(i)?
-79
Let p(r) be the first derivative of -13*r**3/3 + r**2/2 + r - 1. Suppose -27 = -o - 22. Let s be (-20)/o - (2 + (-5 - 0)). What is p(s)?
-13
Let d be 4/(-2)*3 + 1 + 53. Let y(x) = 68*x + 10 - 23*x - x**2 - d*x. Determine y(0).
10
Let s(k) = k**3 + 15*k**2 + 9*k + 123. Suppose -38 = -59*y - 923. Calculate s(y).
-12
Let p(z) = z**3 + 3*z**2 - 2*z + 12. Let b be p(-4). Let q be 31/(-124) + 9/b. Let v(y) = -6*y + 2. Give v(q).
-10
Let o = 109 - 91. Let z be o/(-24)*1/((-1)/4). Let r be (8/(-2))/((-2)/z). Let g(m) = 2*m + 7. Determine g(r).
19
Let c(t) = -t + 300. Let b(r) = 55. Let o(y) = -11*b(y) + 2*c(y). Suppose 0 = d + 3*d - 24. Give o(d).
-17
Let m(j) be the first derivative of j**4/4 + 10*j**3/3 - j**2/2 - 6*j + 51. Let u be m(-10). Let g(a) = -a**3 + 3*a**2 + a + 2. Calculate g(u).
-10
Let l(x) = 3471737*x**3 - 2*x**2 - 1 + 3*x**2 + 0 - 3471733*x**3. Let r be 1/(-2)*(5 + -3). Let z = r + 0. Give l(z).
-4
Let h be 0/((11 - 6) + -3). Suppose h = 9*z + 12 + 51. Let g(q) = -q**3 - 7*q**2 + 2. What is g(z)?
2
Let k(g) = g**3 - 3*g**2 - 5*g - 3. Suppose 13*q + 6*q + 17 + 21 = 0. What is k(q)?
-13
Let c(r) = -4*r + 282. Let j(m) = -2*m + 183. Let i(z) = -5*c(z) + 8*j(z). Calculate i(-16).
-10
Let o(r) = r**2. Suppose b + 131 = 139. Let v = -7 + b. Determine o(v).
1
Let p(b) be the third derivative of 7*b**4/6 - b**3/6 - b**2. Let n(d) = 2*d**3 - 200*d**2 - 49*d + 4899. Let y be n(100). Calculate p(y).
-29
Let o(w) = -5*w**3 - 2*w + 1. Let v(q) = -6*q**3 - 4*q + 2. Let i(c) = 7*o(c) - 3*v(c). Give i(1).
-18
Let j(v) = -2731 + 1360 + 1343 + 7*v. Calculate j(5).
7
Suppose -1 = -w, 2*x + 6*w - 2*w - 16 = 0. Let u(r) = -x*r - 3 - 5*r**3 + 4*r**3 + 7*r**2 + 14*r - 12*r. Calculate u(4).
29
Let i(s) = 42*s**2 - 12*s - 46*s**2 - 19 + 10*s - s**3 + 2*s. What is i(-4)?
-19
Let z(d) = 5*d**2 + 21*d - 23. Let s(a) = 3*a**2 + 14*a - 15. Let j(k) = 8*s(k) - 5*z(k). Let b(c) = -2*c**3 + 4*c**2 + 8*c. Let f be b(3). Calculate j(f).
1
Let g(w) = 57*w + 7 - 3 - 7 - 20*w. What is g(-1)?
-40
Suppose 2*t + d = 5*d + 10, -5*d + 5 = 0. Let i(v) = v**2 - 21*v - 2. Let h(p) = -p**2 + 19*p + 1. Let z(k) = t*h(k) + 6*i(k). What is z(5)?
5
Let c(l) = 14*l**3. Let m = -8165 + 8166. Give c(m).
14
Let m be 273/(-2)*1/(6/(-4)). Let z(n) = 39*n - 2*n**2 - m*n + 49*n - n**3. What is z(-2)?
6
Let a(b) = -b**3 - 8*b**2 - 7*b - 4. Let y(g) = 3*g**2 + g. Let i be ((-5)/(-2))/((-4)/((-64)/20)). Let t be y(i). Let n be (t/5)/((-6)/15). Give a(n).
-4
Let d(t) = -t**2 - 42*t - 7. Suppose 63*b + 237*b = 14*b. What is d(b)?
-7
Let g(n) = -n**3 + 13*n**2 + 7*n - 28. Let w be g(13). Suppose -2*i - w = -215. Suppose i*p + 6 = 78*p. Let h(t) = -t**3 + 6*t**2 - 4. Calculate h(p).
23
Let f(i) = 2*i**2 + i - 2. Suppose -3*k - 2*u + 2 = -3*u, -6 = 3*k - 3*u. Suppose 5*c + 15 - 1 = -3*x, -k*c - 2 = 3*x. Give f(x).
8
Let w(t) = -11*t**2 - 2*t - 17. Let i(j) = 10*j + 23. Let z be i(-3). Let a(x) = -23*x**2 - 5*x - 40. Let h(s) = z*w(s) + 3*a(s). Give h(-2).
33
Let o be ((-2)/(-1))/(-4*(-6)/48). Let j(h) = -12*h + 51. Let g be j(o). Let x(v) = 3*v + v**2 + 5 - 1 - v**3 + 0*v**2. Give x(g).
-5
Let v(d) = d**3 + 8*d**2 - 2*d - 61. Let g be (-104)/(-1352) - (53/13 - -3). Determine v(g).
2
Let m(y) = -y**3 - 5*y**2 + 91*y + 493. Let q be m(-9). Let v(z) = -z**3 - 5*z**2 - 7*z - 1. Give v(q).
1
Let l = -928 + 933. Let i(k) be the third derivative of 0*k + 21*k**2 + 1/120*k**6 - 1/12*k**4 + 0 - 1/12*k**l + k**3. Give i(5).
-4
Let k = -35 - -29. Let f = -3 - k. Let z(n) = -5 + 4*n - n**2 + f + 2*n - 1. Determine z(2).
5
Suppose 78*m = -30*m - 864. Let s(v) = 2*v - 6. Calculate s(m).
-22
Let w be (2 - -1) + (-42)/(-6). Suppose -w*q - 15 + 65 = 0. Let o(j) = 4*j - 6. Determine o(q).
14
Let v(d) be the third derivative of d**6/60 - 2*d**5/15 + d**4/12 - 2*d**3/3 - 4*d**2 + 150. Give v(4).
4
Let h = -1 + -3. Let u be (-20)/(-6)*(-21)/(-35). Let n(q) = -14 + 38 - 12 - u*q - 13. Give n(h).
7
Let h = 79427/2 - 39713. Let a(p) be the first derivative of -32 + 1/2*p**4 + 2*p - 2/3*p**3 - h*p**2. Give a(2).
8
Let p(f) = f - 6. Let m be -3*((-8)/32 + 25/(-12)). Suppose 56 = l + m*l. What is p(l)?
1
Let m(x) = x**3 + 9*x**2 + 7*x - 5. Let t(c) be the second derivative of c**4/12 - c**3 - 3*c**2/2 - 49*c. Let w be t(5). Calculate m(w).
3
Let x be -1 + 8/20 - (-106)/10. Let d(b) be the third derivative of b**4/24 - 7*b**3/3 + 6*b**2 + 4. What is d(x)?
-4
Let r(q) be the first derivative of q - 33. Let n(m) = 2*m - 2. Let l(k) = n(k) - 2*r(k). Determine l(-2).
-8
Let o(k) = 3*k**3 - 3*k**2 - 10*k + 14. Let m(r) = 8*r**3 - 9*r**2 - 26*r + 40. Let v(c) = -4*m(c) + 11*o(c). Give v(-4).
2
Let o(x) be the second derivative of 2*x**6/5 - x**3/6 + 105*x**2/2 - 134*x. Let h(u) be the first derivative of o(u). What is h(-1)?
-49
Let k be ((-10)/3)/((-2)/3). Let o(t) = 12*t**3 - 15*t**2 - 17*t + 17. Let g(x) = -5*x**3 + 7*x**2 + 7*x - 7. Let l(j) = 5*g(j) + 2*o(j). Determine l(k).
4
Let r(q) be the third derivative of -q**7/280 - q**6/60 - q**5/60 + 7*q**3/6 + 16*q**2 + 9. Let b(p) be the first derivative of r(p). Give b(-2).
4
Let j(t) be the first derivative of 6*t**2 + 202*t - 6433. Give j(-17).
-2
Suppose -z - 12 = -4*r, -z = 3*r - 2*z - 9. Let g(f) = 2*f + f**r - f**2 + f - f**2. Let m = -7614 + 7616. Give g(m).
6
Let h(p) = p**2 + 4*p + 3. Let n = -78 + 87. Suppose 3*i + 10 + 4 = 4*v, -2*v + 2*i = -8. Suppose s - 3*s - v = -4*j, 3*s = 3*j - n. What is h(s)?
8
Let v(n) = 7*n - 3*n - 13 + 4 - 6*n. Let o be v(-7). Let m(u) = 4*u - o + 3*u**2 + 5*u - 2*u - u**3. Calculate m(4).
7
Suppose 9*m + 3 - 21 = 0. Let q(g) = -22 - 14 + g**m - 8*g + 42. What is q(7)?
-1
Let f(a) = -87 + 110*a + 2*a**2 + 103*a + 7 - 234*a. Give f(-3).
1
Let a(c) = -c + 2. Suppose -157 = -4*q - 89. Let r(g) = -3*g + 7. Let s(l) = q*a(l) - 6*r(l). What is s(5)?
-3
Let y(p) = -2*p**3 - 13*p**2 - 10*p - 13. Let q = 480 - 473. Let k(c) = c**3 + 4*c**2 + 3*c + 4. Let b(o) = q*k(o) + 2*y(o). Give b(-2).
-16
Let o(j) = -5*j**2 - 2*j + 2. Let u(l) = -9*l**2 - 14*l + 4. Let a(p) = 2*o(p) - u(p). Give a(3).
21
Let h(q) be the third derivative of -1/20*q**5 + q**3 + 7/24*q**4 + 0 - 1/120*q**6 + 0*q - 37*q**2. Determine h(-4).
-6
Let c(o) = 2*o**3 + 4*o**2 + 4*o + 2. Let i be ((-84)/(-8) - -3)/((-1)/2). Let m = 32 + i. Suppose -3*l - 3*r = -4*r + 10, -10 = -m*l - 5*r. Determine c(l).
-6
Let o(x) = -x**3 + 13*x**2 - 14*x + 16. Suppose -22*k = -5*k + 34. Let h = 14 + k. Determine o(h).
-8
Let y = -7 - -3. Suppose -55*i + 58*i = 174. Let w(j) = -j**2 + 2*j**2 - 28*j - 25*j + 5 + i*j. What is w(y)?
1
Let j(p) = -5 + 94*p**2 - p**3 - 77*p**2 + 90*p**2 + 5*p - 103*p**2. Let q be (5/(-2))/(-5)*-14. Let s(y) = y + 12. Let w be s(q). What is j(w)?
-5
Let w(p) = -6*p - 47. Let b = 685 + -693. Let y be w(b). Let r(i) be the third derivative of i**5/10 + i**4/24 + i**2. What is r(y)?
7
Suppose -11 = -5*b + 4. Let x(n) = 2*n**2 + n**2 - 8 - 4 - n**b + 15. Suppose 0 = -3*r - 2*p + 7, -3*r + 5*p = p - 13. Determine x(r).
3
Suppose f + 0 - 2 = 0. Let q(k) be the first derivative of -4*k**3/3 + 2*k**2 - 2*k - 523. Calculate q(f).
-10
Let c(v) = -v**3 - 4*v**2 + 14*v + 38. Suppose -4*d - 39 = 3*t - d, -2*t + 37 = -5*d. Calculate c(t).
-18
Let a(j) = j**3 - 202450*j + 202459*j - 7 - 4 + 2*j**2. Calculate a(1).
1
Let b(a) = 37*a**2 - 7*a + 6. Let t(n) = 31*n**2 - 5*n + 5. Let d(z) = -4*b(z) + 5*t(z). Give d(-2).
23
Let k = 59 - 35. Let s be k/10 + (-6)/15. Let x(g) = 0*g - s*g - 1 + 0 + 5*g. What is x(-3)?
-10
Let s(b) = -6*b + 31. Let x(o) = o**3 + 23*o**2 - 142*o - 47. Let y be x(-28). What is s(y)?
-23
Let f(r) = -6*r**2 + 30*r - 210. Let d(q) = -q**2 + 6*q - 41. Let s(o) = -11*d(o) + 2*f(o). Calculate s(-10).
-9
Let g be ((-4)/10)/((-4)/140). Suppose 8*r - g = r. Let a(w) = -1 + 54*w**r + w**3 + w - 48*w**2 + 5. Determine a(-6).
-2
Let b be 1190/(-1428)*3/(-5). Let i(g) be the first derivative of -b*g**2 + 12*g - 22. Calculate i(7).
5
Let j(g) = -3. Let y(d) = d + 13. Let c(l) = 4*j(l) + y(l). Let w(o) = -o**3 - 4*o**2 - o - 2. Let b be w(-2). Let f be (9 + b)/(0 + -1). Give c(f).
0
Let o(g) = -54*g**3 - 2*g**2 +